 217. Let t = j - b. What is the highest common divisor of t and 9?
9
Suppose -b + 5*q = -90, 5*b - 2*q = -7*q + 450. Let i be b + -2 + 12/4. What is the greatest common divisor of i and 13?
13
Let y = -65 + 65. Let r = 10 + y. What is the greatest common factor of 5 and r?
5
Suppose -3*y + 5*v - 10 = -122, 0 = 4*y - 5*v - 151. What is the highest common divisor of 52 and y?
13
Let r(f) = 41*f + 217. Let n be r(-5). What is the greatest common factor of n and 84?
12
Suppose 0*w - 78 = -2*w. Suppose -v = -3*z + z - 11, -2*z + 41 = 3*v. Suppose -j + 0*j = -v. Calculate the greatest common divisor of w and j.
13
Let y(b) = 2*b**2 + 3*b - 10. Suppose 0*h = 5*q - h - 18, 0 = 2*q + 2*h. Let c be y(q). What is the greatest common divisor of c and 119?
17
Suppose 0 = 6*n - n - 30. Suppose n = t + 2*t. Suppose -47 = -2*k - 5*l, -3*l - t = -2*k + l. Calculate the greatest common factor of k and 22.
11
Let v(q) = -q**3 - 8*q**2 - 14*q - 6. Let f be v(-6). What is the greatest common divisor of 15 and f?
3
Let c = 53 + -46. Calculate the highest common factor of c and 5.
1
Suppose 13 = 3*x + 7. Let j be 9*(-2)/(-3)*2. Let d = 18 - j. What is the highest common divisor of d and x?
2
Suppose -324 = -3*s + 2*j + 118, 2*s - j - 293 = 0. Calculate the greatest common divisor of s and 72.
72
Let d be (2/(-10))/(8/20)*0. Suppose -p - 49 + 65 = d. What is the highest common factor of 24 and p?
8
Suppose -660 = -8*y - 7*y. Let c be (0 + y/12)/((-1)/(-18)). What is the greatest common divisor of 44 and c?
22
Suppose -6*t + 5*t - 1 = 0. Let g be ((-16)/(-10) + 0)/(t/(-15)). Calculate the greatest common divisor of g and 8.
8
Let r be 14/(-77) - 1524/(-33). Calculate the highest common divisor of r and 368.
46
Let t = 55 - -92. Calculate the greatest common divisor of 49 and t.
49
Let b = 339 + -269. What is the greatest common divisor of b and 7?
7
Let y(p) = 2*p**2 - 8*p - 28. Let k be y(-7). What is the highest common factor of 14 and k?
14
Let r = -174 - -105. Let f = 89 + r. What is the greatest common factor of f and 8?
4
Let c(f) = 2*f - 38. Let o be c(23). Let n be 2 + o + (-3 - 0). What is the greatest common divisor of n and 35?
7
Let s be (-243)/(-21) - (-3)/7. Calculate the greatest common factor of 156 and s.
12
Let v(d) = -55*d**3 + d**2 + 2*d + 1. Let z be v(-1). Let t be 1 + (-2 - (32 + 2)). Let u = 40 + t. What is the greatest common divisor of z and u?
5
Let l = -1 + 21. Let m = 13 - l. Let i = m + 36. Calculate the highest common factor of i and 319.
29
Let n(b) = -7*b - 32. Let s be n(-5). Calculate the greatest common factor of 33 and s.
3
Suppose -8811 = -55*h + 7139. Calculate the highest common divisor of h and 87.
29
Suppose 64 = 3*n - 164. Let j be ((-124)/(-12))/((-1)/3). Let y = j + n. Calculate the highest common factor of 18 and y.
9
Suppose 2 = -3*u + 17. Suppose u*g - 3*j = -32, 2*g + 2*j + 16 = -0. Let n = 33 - g. What is the greatest common factor of n and 8?
8
Let f(p) = -p**3 + 12*p**2 - 84. Let w be f(10). What is the highest common divisor of w and 87?
29
Let m = 62 - 7. Let h(c) = -c**3 - 17*c**2 - 17*c - 16. Let d be h(-16). Suppose 2*q - 55 = -5*w - q, d = -5*q. What is the greatest common divisor of w and m?
11
Let a be ((-14)/(-35))/((-2)/(-10)). Suppose 3*u - 4*u - 33 = 0. Let o = 35 + u. Calculate the highest common divisor of a and o.
2
Suppose -25*y + 2600 = -2425. What is the greatest common factor of y and 268?
67
Let j = -371 - -391. Calculate the highest common factor of j and 55.
5
Suppose -2*a = 12*a - 448. What is the highest common factor of a and 20?
4
Let a be 5880/(-150)*(-15)/6. Calculate the highest common divisor of 980 and a.
98
Suppose 3*u + 99 = s - 27, 672 = 5*s - u. Let j(t) = t**3 + 14*t**2 + 19*t - 6. Let o be j(-12). What is the greatest common divisor of s and o?
27
Suppose 16*a = -322 + 1762. Calculate the highest common factor of a and 10.
10
Let n be (-2)/(8/(-3)) - (-1750)/56. Calculate the highest common divisor of 272 and n.
16
Let g be (-20)/35 - 36/(-14). Let r(q) = 5*q. Let x be r(g). What is the highest common divisor of x and 70?
10
Let r be (-517)/(-33) + (-4)/6. Suppose 3*t + 18 = 57. Let i be (r - t)/((-2)/(-9)). What is the highest common divisor of i and 81?
9
Suppose 7 + 413 = 15*j. Let p = -3 - -73. Calculate the greatest common divisor of p and j.
14
Suppose 68 = 13*p + 21*p. Let z be -6*2*(-15)/10. What is the highest common divisor of z and p?
2
Let s = 114 + -98. What is the greatest common divisor of 32 and s?
16
Let a = -19 + 5. Let c = a + 28. What is the highest common divisor of c and 56?
14
Suppose 4*i = 3*b - 39 + 7, -4*b - i + 11 = 0. Calculate the greatest common factor of 44 and b.
4
Suppose v - 4*v + 300 = 0. Suppose 0 = 5*d + 5*j - v, 4*d = 4*j + 107 - 27. Let r be -20*-1*12/d. What is the highest common divisor of 3 and r?
3
Let h = -26 - -76. Let a(l) = -l**3 + 5*l**2 + l + 5. Let p(u) = 4*u - 131. Let x be p(34). Let n be a(x). Calculate the greatest common factor of n and h.
10
Suppose -3*b = -5*i - 447, 5*b = -110*i + 111*i + 767. What is the highest common factor of b and 56?
14
Let j(m) = -4*m**2 + 3*m**2 + 5 - 7*m + 4 - 8*m. Let q be j(-7). Suppose -8 = 3*o - q. Calculate the greatest common divisor of o and 57.
19
Let f = 169 + -66. Suppose 0 = -4*a + 3*x + 215, 2*a - 2*x - f = x. Let g be (0 + 3)/(3/14). What is the greatest common factor of a and g?
14
Let g(f) = f**2 - 15*f + 34. Suppose -2*d = 0, -2*i - 6*d + d + 28 = 0. Let x be g(i). Calculate the highest common divisor of x and 100.
20
Let i(p) = 44*p**3 - p**2 + 4*p - 4. Let q be i(2). Calculate the greatest common factor of 32 and q.
32
Suppose -6*m + 198 = 3*m. Calculate the highest common divisor of 594 and m.
22
Suppose 193*v = 185*v + 96. Calculate the highest common factor of 8 and v.
4
Suppose 0 = -5*u + 3*d + 144, -4*u = -7*u + 5*d + 80. Calculate the highest common divisor of u and 75.
15
Let k = 11 + -4. Let u be 265/35 - (-16)/(-28). Suppose 5 = h, -u = 2*o - 4*o - h. What is the greatest common factor of o and k?
1
Let r be 183 + -14*8/16. Calculate the greatest common factor of r and 33.
11
Let z be (44 + -68)/((-4)/6). Let f be (-62)/(-5) + 4/(-10). Calculate the greatest common factor of f and z.
12
Let v(m) = -m**2 - 5*m + 187. Let d be v(0). What is the highest common divisor of 11 and d?
11
Let k be (-1*(-8)/(-8))/(1/(-11)). Let s be (17 + -41)*k/(-2). Calculate the greatest common factor of s and 12.
12
Let w(f) = -f**3 - 19*f**2 - 49*f + 9. Let r be w(-16). Let m = 131 - 31. Calculate the greatest common divisor of m and r.
25
Let s(u) = u**2 - 58*u + 29. Let j be s(61). What is the highest common factor of 4 and j?
4
Let q(n) = n**3 - 6*n**2 + 6. Let c be q(6). Suppose 11*f - c*f - 15 = 0. Let h be 364/(-21)*f/(-2). What is the greatest common divisor of 130 and h?
26
Let i(k) = 15*k - 130. Let a be i(15). Calculate the highest common divisor of 30 and a.
5
Let d(r) = -3*r**2 - 3*r + 3. Let w be d(-4). Let y = 49 + w. Suppose -l - 2*o + 4 + 10 = 0, -l + 4*o + 20 = 0. What is the highest common divisor of l and y?
16
Let b = -463 - -487. What is the highest common factor of 600 and b?
24
Let j(g) = -6*g + 1. Let m(c) = 4*c**2. Let z be m(-1). Suppose -z*o = -7*o - 9. Let w be j(o). What is the highest common divisor of 95 and w?
19
Let j be 9/((-63)/(-2030)) + -2. Calculate the highest common factor of 18 and j.
18
Suppose 0 = 2*p - 3*p - 2, 5*n = -5*p + 20. Suppose -6*b + n = -12. What is the highest common divisor of b and 12?
3
Let a = 529 - 442. What is the greatest common factor of a and 696?
87
Suppose -4*u - 87 = 5*s, -3*u - 5*s = -6*u - 39. Let x = 16 - u. Suppose 2*l - 102 = -2*n, -4*l + 2*n + 44 = -160. What is the highest common factor of l and x?
17
Let s(q) = -11*q**3 + 4*q**2 + 11*q + 18. Let z be s(-2). Let a = -75 + 125. What is the highest common divisor of a and z?
50
Suppose 3*f = -9 - 9. Let o = f + 14. What is the highest common divisor of o and 8?
8
Let v(p) = -7*p + 145. Let z be v(13). Let b be (-6)/(-21) + 82/7. Calculate the highest common factor of z and b.
6
Suppose 47 - 63 = -8*g. What is the highest common factor of g and 50?
2
Let p(o) = -o**3 - 10*o**2 - 8*o + 20. Let r be p(-9). Suppose -2*h - 5*f + 159 = -0*h, -3*h = 3*f - 234. What is the 